3120. Calculate the remainder when k(238) is divided by ((-5)/(-2))/(2/36).
39
Let j(t) = -t**3 - 3*t**2 + t + 83. Suppose 2*c + 3*h - 8 = h, -2*c = 4*h - 16. What is the remainder when j(c) is divided by 22?
17
Suppose f - 8 = 6. Let g = 14992 + -14855. Calculate the remainder when g is divided by f.
11
Let p(q) = 7*q - 3. Let z be p(3). Let l be (-634)/18 + 4/z. Let a = l + 47. What is the remainder when 32 is divided by a?
8
Calculate the remainder when -183*(68/6)/(-17) is divided by 62.
60
Suppose -245*b + 240*b + 1111 = 2*s, 0 = -s - b + 563. What is the remainder when 570 is divided by s?
2
Let a be -6*2/(-6) - -6. Let k(s) = 4*s - 1. What is the remainder when k(a) is divided by 5?
1
Let i be (27/12)/(5/20). Let k be (-54)/(-8)*i/(27/(-60)). Let m = k - -208. Calculate the remainder when m is divided by 26.
21
Suppose -1948*x + 3895*x = 1952*x - 65. Suppose v - 10 = b - v, 2*v - 26 = 3*b. Let k = 11 + b. Calculate the remainder when x is divided by k.
1
What is the remainder when 674/6 - 6/(-9) is divided by 2*4/((-88)/(-429))?
35
Let w be 37 + 5 + -4 - 12/2. Suppose 26*x - w*x = -1236. Calculate the remainder when x is divided by 16.
14
Suppose -v + 25 = -0*v. Let l(o) = 18*o + 129. Calculate the remainder when v is divided by l(-7).
1
Suppose 3*w = 8*w + 50. Let p(h) be the first derivative of -h**4/4 - 10*h**3/3 - h**2 - 3*h - 101. Calculate the remainder when 29 is divided by p(w).
12
Let z be 3 + (1 - -4)*3324/(-20). Let g = z - -961. What is the remainder when g is divided by 5?
3
Suppose -4*l - 146 = -2*y, 124*y - 119*y - 4*l - 377 = 0. What is the remainder when 3385 is divided by y?
74
Suppose 0*n - 60 = -4*n. Suppose 33*l + 30*l = 13797. Suppose 4*q - 2*g = -g + l, -3*g = -n. Calculate the remainder when q is divided by 15.
11
Calculate the remainder when (-46 + 48)*5298/15*5/4 is divided by 268.
79
Let z = 37 + -86. Let y = z - -334. Suppose 10*a - y = -45. What is the remainder when 68 is divided by a?
20
Let y = 7609 + -6610. Calculate the remainder when y is divided by 68.
47
Suppose 0*z = -2*x - 5*z + 2074, 4*z - 1031 = -x. Calculate the remainder when x is divided by 33.
24
Suppose -277*b + 309*b - 11072 = 0. Calculate the remainder when b is divided by 185.
161
Let a(m) = -45*m - 217. Let k be a(-15). Suppose -45*j + 4463 - k = 0. Calculate the remainder when j is divided by -1*1/(1/(-18)).
17
Let a(i) = i**2 - 30*i + 210. Let g be a(10). Suppose -5*s - 2*m = -91, g = 3*s + 2*m - 43. What is the remainder when 47 is divided by s?
9
Let j(o) = o**3 - 186*o**2 + 729*o + 122. Calculate the remainder when 311 is divided by j(182).
7
Let d = -5467 - -5491. Calculate the remainder when 554/8 + (-9)/(-12) is divided by d.
22
Let m(t) = -t + 20. Suppose 5 - 14 = -2*j + w, -2 = -2*w. Suppose -j*u + 231 = -54. What is the remainder when u is divided by m(0)?
17
Let w(a) be the third derivative of -1/3*a**3 + 1/8*a**4 - 7*a**2 + 1/8*a**6 + 0*a + 0*a**5 + 0. Calculate the remainder when 30 is divided by w(1).
14
Let f(h) = -12*h**2 + 145*h + 17. What is the remainder when f(4) is divided by 102?
99
Calculate the remainder when (-370)/4*(-4)/5 is divided by ((-1)/(-6))/(-26 + (-36522)/(-1404)).
9
Suppose -4*f - 628 = 5*a, -4*f + 3*f + 3*a = 140. Let b(c) = 3*c**2 - 5*c - 1. Calculate the remainder when 5/((-10)/f) - -3 is divided by b(4).
25
Suppose 133 - 163 = -6*j. Suppose j*m = -2*a + 849, -10*m + 9*m = 2*a - 165. What is the remainder when m is divided by 61?
49
Suppose -3*s + 4*j - 39380 = -8*s, 5*j + 31463 = 4*s. Suppose -6*u - 6564 - s = 0. Calculate the remainder when (1/(-5) + u/(-30))/1 is divided by 27.
26
Let p(h) = h**2 + 5*h + 2. Let v be p(-3). Let s be ((-2)/v)/((-7)/28) - -8. Calculate the remainder when 99 is divided by ((-136)/10)/(s/(-15)).
31
Let r(n) = 47*n + 112. Let j be r(-2). Suppose -19 = -j*t + 17. What is the remainder when 5/(-4)*-1*4 is divided by t?
1
Let v(n) be the first derivative of n**3/3 - 12*n**2 + 5*n + 15. What is the remainder when v(-11) is divided by 49?
47
Let s(y) = -15*y**3 - 2*y**2 - 28*y - 142. What is the remainder when s(-5) is divided by 73?
71
Let k(g) = g**2 - 12*g + 35. Let a be k(7). Suppose 4*x + 5*j = 34, 4*x + 3*j - 20 - 10 = a. Let d = 67 + -46. What is the remainder when d is divided by x?
3
Let y(d) = d**3 - 34*d**2 - 15*d + 746. Calculate the remainder when y(36) is divided by 112.
110
Let l(a) = -290*a + 4969. Calculate the remainder when 2472 is divided by l(17).
15
Suppose -3*l - d + 6558 = 0, 5*l - 5137 - 5783 = -5*d. Calculate the remainder when l is divided by 156.
3
Suppose -3*y - 35*n + 8204 = -30*n, -4*y = -4*n - 10960. Calculate the remainder when y is divided by 88.
10
Suppose 12*j + 28 - 88 = 0. Suppose 0 = -5*h - j*l + 55, -6*h = -8*h + l + 10. What is the remainder when 9 is divided by h?
2
Suppose -28*n = -18*n + 540. What is the remainder when 14 is divided by n/(-144) - ((-58)/16 + 2)?
0
Suppose 0 = -4*g - 5*d + 480, -6*d + 10*d = -4*g + 484. Calculate the remainder when 2123 is divided by g.
123
Suppose 12 = -9*u + 13*u. Suppose t - z = 3*z - 12, 5*z - 49 = -u*t. Calculate the remainder when 53 is divided by t.
5
Let g = -1362 - -2243. Let b = -324 + g. Suppose 89 - b = -6*l. What is the remainder when l is divided by 27?
24
Let x be 204/(-33) - 4/(-22). Let b = -9648 + 9689. Calculate the remainder when b is divided by (-480)/(-22) - x/33.
19
Suppose 1148661 - 372721 = 80*r + 30*r. What is the remainder when r is divided by 21?
19
Let n(m) = -m**2 + 147*m + 4523. What is the remainder when (2 - (-6)/4)*14 is divided by n(-26)?
24
Let u be 4 - (31 - 1)/(-3). Let f = 9 + u. Calculate the remainder when f is divided by 6/10 + 27/5.
5
Suppose -20*l + 45798 + 17785 = 9743. What is the remainder when l is divided by 2?
0
Let n be 12/(-8)*(1 + 0 + 13). Let h = -20 - n. Calculate the remainder when 13 is divided by ((-1)/(-4)*-3)/(h/(-4)).
1
Let c = -5366 + 5369. What is the remainder when 177 is divided by c?
0
Let v(p) = p**3 + 24*p**2 + 42*p + 472. What is the remainder when 137 is divided by v(-23)?
32
Let y(s) = -2*s**3 - 10*s**2 - 8*s - 67. Let g = 44 + -12. What is the remainder when y(-6) is divided by g?
21
Suppose 0 = -4*r - 5*q + 1078, -51*r + 55*r = q + 1114. Calculate the remainder when r is divided by 159.
118
Suppose -68 = -21*o - 5. Suppose -o*h + 15 = 0, 0*t - 60 = -5*t + 2*h. Suppose -4*y + 120 = y. What is the remainder when y is divided by t?
10
Let d be 4/18 + (-12054)/(-189). Let b = d - 20. Calculate the remainder when 80 is divided by b.
36
What is the remainder when 2 - (-135 - (4 + 10/(-5))*-2) is divided by 90?
43
Let s = -789 + 841. Calculate the remainder when s is divided by (-4)/(-3) - (-9 + 123/(-9)).
4
Let c = 322 + -90. Calculate the remainder when c is divided by (-3 - (-1026)/418)*(-9 + -2) + 12.
16
Let r(g) = 6*g**2 + 2652*g - 18619. What is the remainder when r(7) is divided by 4/22 + (-1756)/(-22)?
79
Let r = -42 - -82. Suppose r = 9*k - 131. Calculate the remainder when 6/3 + 144/2 is divided by k.
17
Let i(a) = 2*a**2 - 4*a - 3. Suppose -3*j = 4*b + 45, -2*j + 7*j - 10 = -b. Let x = -11 - b. Calculate the remainder when 49 is divided by i(x).
10
Suppose 3*d - 2*o + 30 = 148, 4*d = -5*o + 142. Calculate the remainder when 1899 is divided by d.
37
Suppose 5*q + 4*t - 3416 = 0, -10*q - 5*t = -11*q + 660. Calculate the remainder when q is divided by 332.
16
Let z be 1 - 0 - (2 + 0). Let c = 2100 - 2097. Calculate the remainder when c is divided by -1 - z*2 - -2.
0
Let x(a) = a**2 + 5*a - 6. Let k be x(-6). Suppose k = -4*u + 5*y + 165, -2*y - 5 = -y. Let f = -429 - -441. Calculate the remainder when u is divided by f.
11
Let k = -1700 + 1716. What is the remainder when 249 is divided by k?
9
Let j(y) = -y - 6. Let r be j(6). Let q(x) = x**2 + 18*x - 14. Let o(b) = b - 1. Let f(l) = 5*o(l) - q(l). Calculate the remainder when 82 is divided by f(r).
19
Suppose j + 16 = 16*s - 18*s, 3*j + 30 = -3*s. Calculate the remainder when 109 is divided by (8 - -2) + (-5 - s).
10
Let b = -12171 - -13509. What is the remainder when b is divided by 104?
90
Suppose -6732 = -43*o + 9*o. Calculate the remainder when o is divided by 29.
24
Let g be 6/(-5 + 8 - 9/4). Let x be (-72)/(3 + (-28)/g). Let b = x + -80. Calculate the remainder w